{"id":963,"date":"2023-03-02T09:33:52","date_gmt":"2023-03-02T08:33:52","guid":{"rendered":"http:\/\/www.escadn.fr\/?page_id=963"},"modified":"2025-01-07T13:37:32","modified_gmt":"2025-01-07T12:37:32","slug":"projets-tutores","status":"publish","type":"page","link":"https:\/\/www.escadn.fr\/?page_id=963","title":{"rendered":"Projets tutor\u00e9s"},"content":{"rendered":"\t\t<div data-elementor-type=\"wp-page\" data-elementor-id=\"963\" class=\"elementor elementor-963\">\n\t\t\t\t\t\t<section class=\"elementor-section elementor-top-section elementor-element elementor-element-42ff432 elementor-section-stretched elementor-section-boxed elementor-section-height-default elementor-section-height-default\" data-id=\"42ff432\" data-element_type=\"section\" data-e-type=\"section\" data-settings=\"{&quot;stretch_section&quot;:&quot;section-stretched&quot;}\">\n\t\t\t\t\t\t<div class=\"elementor-container elementor-column-gap-default\">\n\t\t\t\t\t<div class=\"elementor-column elementor-col-100 elementor-top-column elementor-element elementor-element-90adfa1\" data-id=\"90adfa1\" data-element_type=\"column\" data-e-type=\"column\">\n\t\t\t<div class=\"elementor-widget-wrap elementor-element-populated\">\n\t\t\t\t\t\t<div class=\"elementor-element elementor-element-6620cc9 elementor-widget elementor-widget-text-editor\" data-id=\"6620cc9\" data-element_type=\"widget\" data-e-type=\"widget\" data-widget_type=\"text-editor.default\">\n\t\t\t\t<div class=\"elementor-widget-container\">\n\t\t\t\t\t\t\t\t\t<p>Les projets tutor\u00e9s sont des travaux de groupe que les \u00e9tudiants r\u00e9alisent sous la supervision d&rsquo;un tuteur. Voici quelques projets tutor\u00e9s par Madame <strong>ADNANI Hania<\/strong>\u00a0au sein des \u00e9coles d&rsquo;ing\u00e9nieur. Chacun de ces projets offre des d\u00e9fis stimulants et permet aux \u00e9tudiants de d\u00e9velopper des comp\u00e9tences pratiques dans leurs domaines d&rsquo;\u00e9tudes.<\/p>\t\t\t\t\t\t\t\t<\/div>\n\t\t\t\t<\/div>\n\t\t\t\t\t<\/div>\n\t\t<\/div>\n\t\t\t\t\t<\/div>\n\t\t<\/section>\n\t\t\t\t<section class=\"elementor-section elementor-top-section elementor-element elementor-element-8448786 elementor-section-stretched elementor-section-boxed elementor-section-height-default elementor-section-height-default\" data-id=\"8448786\" data-element_type=\"section\" data-e-type=\"section\" data-settings=\"{&quot;stretch_section&quot;:&quot;section-stretched&quot;}\">\n\t\t\t\t\t\t<div class=\"elementor-container elementor-column-gap-default\">\n\t\t\t\t\t<div class=\"elementor-column elementor-col-100 elementor-top-column elementor-element elementor-element-7df11a5\" data-id=\"7df11a5\" data-element_type=\"column\" data-e-type=\"column\">\n\t\t\t<div class=\"elementor-widget-wrap elementor-element-populated\">\n\t\t\t\t\t\t<div class=\"elementor-element elementor-element-a38584d elementor-widget elementor-widget-text-editor\" data-id=\"a38584d\" data-element_type=\"widget\" data-e-type=\"widget\" data-widget_type=\"text-editor.default\">\n\t\t\t\t<div class=\"elementor-widget-container\">\n\t\t\t\t\t\t\t\t\t<p><strong>PROJET n\u00b01 : Plus haut, plus vite !<\/strong><\/p><p><strong>Domaines : Thermodynamique, Hydrostatique, M\u00e9canique<\/strong><\/p><p>Le 24 octobre 2014, Robert A. Eustace bat le record du saut stratosph\u00e9rique pr\u00e9c\u00e9demment d\u00e9tenu par Felix Baumgartner et r\u00e9alise les scores :<\/p><ul><li>El\u00e9vation d\u2019une altitude de 41 419 m \u00e0 une vitesse consid\u00e9r\u00e9e constante de 500 m\/min pour un ballon d\u2019h\u00e9lium de 850 m3 au sol et de 311 500 m3 \u00e0 altitude maximum.<\/li><li>Chute \u00e0 une vitesse de 1323 km\/h.<\/li><\/ul><p>Le jour o\u00f9 Robert s\u2019\u00e9lan\u00e7a de sa nacelle depuis la stratosph\u00e8re, fut l\u2019aboutissement d\u2019un travail m\u00e9ticuleux pr\u00e9par\u00e9 longtemps \u00e0 l\u2019avance et r\u00e9alis\u00e9 par toute une \u00e9quipe d\u2019ing\u00e9nieurs. De nombreux param\u00e8tres et contraintes ont \u00e9t\u00e9 pris en compte afin de garantir la s\u00e9curit\u00e9 du sauteur et lui permettre d\u2019\u00e9tablir de nouveaux records de vitesse et d\u2019altitude.<\/p><p>Pour ce projet, vous devrez faire une \u00e9tude de ce saut, depuis sa pr\u00e9paration jusqu\u2019\u00e0 sa r\u00e9alisation au travers de trois grandes phases :<\/p><ul><li>L\u2019ascension du ballon portant le sauteur<\/li><li>La chute libre du sauteur qui ressentira un vent qui doit \u00eatre mod\u00e9lis\u00e9 par le groupe<\/li><li>Les effets physiologiques dus \u00e0 la pression, la temp\u00e9rature, etc.<\/li><\/ul><p>Suite \u00e0 cette \u00e9tude, vous devrez proposer des pistes d\u2019optimisation du syst\u00e8me mis en place afin de prouver qu\u2019il est possible de battre les records d\u2019altitude et de vitesse.<\/p><p>Vous devrez justifier votre mod\u00e9lisation ainsi que vos hypoth\u00e8ses de travail et \u00eatre force de proposition sur les aspects techniques et\/ou scientifiques qui peuvent contribuer \u00e0 l\u2019atteinte de vos objectifs.<\/p><p><strong>\u00a0<\/strong><\/p><p><strong>PROJET n\u00b02 : James Cameron vous emm\u00e8ne au fond des mers<\/strong><\/p><p><strong>Domaines\u00a0: Hydrostatique, RDM, Transferts thermiques.<\/strong><\/p><p>Le 26 mars 2012, James Cameron a battu le record de plong\u00e9e en solo au point le plus profond de la terre, la fosse des Mariannes. Il a pilot\u00e9 le Deepseachallenger sur presque onze kilom\u00e8tres. \u00ab Plonger au plus profond de la fosse des Mariannes, c\u2019est comme passer d\u2019une for\u00eat tropicale humide aux t\u00e9n\u00e8bres du P\u00f4le Nord, dans un ascenseur bond\u00e9. \u00bb (James Cameron) James Cameron souhaite r\u00e9it\u00e9rer l\u2019exploit accompagn\u00e9 de ses trois filles et de son fils pour leur faire visiter le m\u00eame site. Votre \u00e9quipe de scientifiques a pour but de dimensionner le Deepseachallenger II, le nouveau sous-marin capable d\u2019emmener cinq personnes.<\/p><p><strong>PROJET n\u00b03 : Le rayonnement Synchrotron SOLEIL<\/strong><\/p><p><strong>Domaine\u00a0: Electromagn\u00e9tisme<\/strong><\/p><p>Vous travaillez dans un groupe de recherche au Centre du Synchrotron SOLEIL, situ\u00e9 \u00e0 Saclay, au Sud de Paris. Le synchrotron est le plus r\u00e9cent et le plus puissant des acc\u00e9l\u00e9rateurs de particules circulaires.<\/p><p>Votre groupe s\u2019attachera dans un premier temps \u00e0 d\u00e9crire l\u2019\u00e9tat de l\u2019art et le principe de fonctionnement du Synchrotron. Vous devrez \u00eatre capable de mod\u00e9liser le mouvement des particules (vitesses, \u00e9nergies, trajectoires) confin\u00e9es dans les champs \u00e9lectromagn\u00e9tiques \u00e0 l\u2019int\u00e9rieur de l\u2019acc\u00e9l\u00e9rateur. Il vous sera demand\u00e9 d\u2019expliquer qualitativement le m\u00e9canisme de production de rayonnement \u00e9lectromagn\u00e9tique.<\/p><p>Dans une seconde partie vous allez identifier les diff\u00e9rentes applications qui d\u00e9coulent de son utilisation et proposer les b\u00e9n\u00e9fices technologiques dans les divers domaines industriels.<\/p><p><strong>PROJET n\u00b04\u00a0 : Superstructures : les ponts<\/strong><\/p><p><strong>Domaines\u00a0: m\u00e9canique, r\u00e9sonance et propagation des ondes<\/strong><\/p><p>L\u2019entreprise VONCI, sp\u00e9cialis\u00e9e dans la construction de grosses structures a missionn\u00e9 votre \u00e9quipe d\u2019experts afin d\u2019expliquer l\u2019effondrement de leur derni\u00e8re construction : le pont de la basse Cha\u00eene. Vous \u00eates un groupe de scientifiques charg\u00e9s de comprendre et d\u2019expliquer les ph\u00e9nom\u00e8nes mis en jeu lors de cette catastrophe.<\/p><p><strong>PROJET n\u00b05 :<\/strong> <strong>Innovation mat\u00e9riaux pour l\u2019a\u00e9ronautique, l\u2019a\u00e9rospatiale et l\u2019automobile, le m\u00e9dical : les m\u00e9thodes et moyens de production du TA6V \u00e0 la surface de l\u2019Aluminium<\/strong><\/p><p><b>Domaine: innovation mat\u00e9riaux<\/b><\/p><p>Le titane est un m\u00e9tal tr\u00e8s cher mais qui pr\u00e9sente des caract\u00e9ristiques m\u00e9caniques, thermiques et chimiques, (r\u00e9sistance \u00e0 la corrosion) int\u00e9ressantes<\/p><p>Produire l\u2019alliage de TA6V \u00e0 la surface de l\u2019Aluminium c\u2019est d\u2019avoir les propri\u00e9t\u00e9s du TA6V en surface, ce qui est recherch\u00e9 par plusieurs utilisateurs<\/p><p><strong>PROJETn\u00b06 : Centrale hydraulique<\/strong><\/p><p><b>Domaine\u00a0: m\u00e9canique, \u00e9nergie, \u00e9lectricit\u00e9<\/b><\/p><p>Fonctionnement d\u2019une centrale hydraulique optimisation de l\u2019\u00e9nergie \u00e9lectrique g\u00e9n\u00e9r\u00e9e.<\/p><p><strong>PROJET n\u00b07 : Op\u00e9ration de sauvetage en haute montagne<\/strong><\/p><p><strong>Domaine\u00a0: m\u00e9canique<\/strong><\/p><p>Une \u00e9quipe d\u2019alpinistes se retrouve pi\u00e9g\u00e9e en haute-montagne. Leur \u00e9tat n\u00e9cessite une op\u00e9ration de sauvetage imm\u00e9diate. Vous \u00eates charg\u00e9 de monter l\u2019op\u00e9ration et D\u2019en contr\u00f4ler l\u2019avancement. Vous devrez proc\u00e9der au largage d\u2019un colis de ravitaillement et d\u2019un h\u00e9litreuillage.<\/p><p><strong>PROJET n\u00b08 : le Loop fait la force<\/strong><\/p><p><strong>Domaine\u00a0: m\u00e9canique\u00a0; \u00e9nergie<\/strong><\/p><p>Le saut \u00e0 ski est une discipline faisant l\u2019objet de nombreuses comp\u00e9titions, notamment aux Jeux Olympiques. Le but consiste \u00e0 sauter le plus loin possible tout en gardant un style esth\u00e9tique pour le vol et l\u2019atterrissage.<\/p><p>Le projet repose sur une \u00e9tude dynamique-\u00e9nerg\u00e9tique d\u2019un dispositif de tremplin \u00e0 ski avec looping.<\/p><p>Les \u00e9tudiants devront \u00e9tudier les \u00e9tapes d\u2019un saut \u00e0 ski (distances, temps, vitesses) et faire des calculs de trajectoire \u00e0 l\u2019aide des th\u00e9or\u00e8mes de conservation de l\u2019\u00e9nergie. Ils seront \u00e9galement confront\u00e9s aux forces non-conservatives et \u00e0 la dissipation de l\u2019\u00e9nergie pour aborder de fa\u00e7on r\u00e9aliste la ph\u00e9nom\u00e9nologie li\u00e9e \u00e0 la cause et aux cons\u00e9quences du mouvement.<\/p><p><strong>\u00a0<\/strong><\/p><p><strong>PROJET n\u00b09 : sc\u00e8ne de crime<\/strong><\/p><p><strong>Domaines : chimie<\/strong><\/p><p>Tout \u00e9v\u00e9nement, crime, accident, catastrophe naturelle, conflit arm\u00e9 ou autre, laisse des traces sur les lieux o\u00f9 il se produit. L\u2019objectif de l\u2019investigation qui aura lieu par la suite sera d\u2019interpr\u00e9ter correctement les faits, de reconstituer leur d\u00e9roulement et de comprendre ce qui s\u2019est pass\u00e9.<\/p><p>Un terrible crime a \u00e9t\u00e9 commis ce weekend dans votre \u00e9cole. La police a d\u00e9j\u00e0 s\u00e9curis\u00e9 la sc\u00e8ne et fait appel \u00e0 votre \u00e9quipe de la police scientifique afin d\u2019identifier le coupable \u00e0 l\u2019aide des preuves laiss\u00e9es sur la sc\u00e8ne de crime.<\/p><p><strong>\u00a0<\/strong><\/p><p><strong>PROJET n\u00b010: Hubble, we have a problem<\/strong><\/p><p><strong>Domaine : optique g\u00e9om\u00e9trique \/ optique ondulatoire<\/strong><\/p><p>Quelque part dans l\u2019espace, janvier 2017, des d\u00e9bris de m\u00e9t\u00e9orites atteignent le c\u00e9l\u00e8bre t\u00e9lescope Hubble et cr\u00e9ent des dommages. Les images transmises par Hubble sont d\u00e9sormais de mauvaises qualit\u00e9s. Les apprenants sont \u00e0 la place des ing\u00e9nieurs \u00e0 la NASA et doivent expliquer les causes du probl\u00e8me.<\/p><p>\u00a0<\/p><p>\u00a0<\/p>\t\t\t\t\t\t\t\t<\/div>\n\t\t\t\t<\/div>\n\t\t\t\t\t<\/div>\n\t\t<\/div>\n\t\t\t\t\t<\/div>\n\t\t<\/section>\n\t\t\t\t<\/div>\n\t\t","protected":false},"excerpt":{"rendered":"<p>Les projets tutor\u00e9s sont des travaux de groupe que les \u00e9tudiants r\u00e9alisent sous la supervision d&rsquo;un tuteur. Voici quelques projets tutor\u00e9s par Madame ADNANI Hania&nbsp;au sein des \u00e9coles d&rsquo;ing\u00e9nieur. Chacun de ces projets offre des d\u00e9fis stimulants et permet aux \u00e9tudiants de d\u00e9velopper des comp\u00e9tences pratiques dans leurs domaines d&rsquo;\u00e9tudes. PROJET n\u00b01 : Plus haut, [&hellip;]<\/p>\n","protected":false},"author":1,"featured_media":0,"parent":0,"menu_order":0,"comment_status":"closed","ping_status":"closed","template":"","meta":{"content-type":"","om_disable_all_campaigns":false,"_monsterinsights_skip_tracking":false,"_monsterinsights_sitenote_active":false,"_monsterinsights_sitenote_note":"","_monsterinsights_sitenote_category":0,"_uf_show_specific_survey":0,"_uf_disable_surveys":false,"ocean_post_layout":"","ocean_both_sidebars_style":"","ocean_both_sidebars_content_width":0,"ocean_both_sidebars_sidebars_width":0,"ocean_sidebar":"0","ocean_second_sidebar":"0","ocean_disable_margins":"enable","ocean_add_body_class":"","ocean_shortcode_before_top_bar":"","ocean_shortcode_after_top_bar":"","ocean_shortcode_before_header":"","ocean_shortcode_after_header":"","ocean_has_shortcode":"","ocean_shortcode_after_title":"","ocean_shortcode_before_footer_widgets":"","ocean_shortcode_after_footer_widgets":"","ocean_shortcode_before_footer_bottom":"","ocean_shortcode_after_footer_bottom":"","ocean_display_top_bar":"default","ocean_display_header":"default","ocean_header_style":"","ocean_center_header_left_menu":"0","ocean_custom_header_template":"0","ocean_custom_logo":0,"ocean_custom_retina_logo":0,"ocean_custom_logo_max_width":0,"ocean_custom_logo_tablet_max_width":0,"ocean_custom_logo_mobile_max_width":0,"ocean_custom_logo_max_height":0,"ocean_custom_logo_tablet_max_height":0,"ocean_custom_logo_mobile_max_height":0,"ocean_header_custom_menu":"0","ocean_menu_typo_font_family":"0","ocean_menu_typo_font_subset":"","ocean_menu_typo_font_size":0,"ocean_menu_typo_font_size_tablet":0,"ocean_menu_typo_font_size_mobile":0,"ocean_menu_typo_font_size_unit":"px","ocean_menu_typo_font_weight":"","ocean_menu_typo_font_weight_tablet":"","ocean_menu_typo_font_weight_mobile":"","ocean_menu_typo_transform":"","ocean_menu_typo_transform_tablet":"","ocean_menu_typo_transform_mobile":"","ocean_menu_typo_line_height":0,"ocean_menu_typo_line_height_tablet":0,"ocean_menu_typo_line_height_mobile":0,"ocean_menu_typo_line_height_unit":"","ocean_menu_typo_spacing":0,"ocean_menu_typo_spacing_tablet":0,"ocean_menu_typo_spacing_mobile":0,"ocean_menu_typo_spacing_unit":"","ocean_menu_link_color":"","ocean_menu_link_color_hover":"","ocean_menu_link_color_active":"","ocean_menu_link_background":"","ocean_menu_link_hover_background":"","ocean_menu_link_active_background":"","ocean_menu_social_links_bg":"","ocean_menu_social_hover_links_bg":"","ocean_menu_social_links_color":"","ocean_menu_social_hover_links_color":"","ocean_disable_title":"default","ocean_disable_heading":"default","ocean_post_title":"","ocean_post_subheading":"","ocean_post_title_style":"","ocean_post_title_background_color":"","ocean_post_title_background":0,"ocean_post_title_bg_image_position":"","ocean_post_title_bg_image_attachment":"","ocean_post_title_bg_image_repeat":"","ocean_post_title_bg_image_size":"","ocean_post_title_height":0,"ocean_post_title_bg_overlay":0.5,"ocean_post_title_bg_overlay_color":"","ocean_disable_breadcrumbs":"default","ocean_breadcrumbs_color":"","ocean_breadcrumbs_separator_color":"","ocean_breadcrumbs_links_color":"","ocean_breadcrumbs_links_hover_color":"","ocean_display_footer_widgets":"default","ocean_display_footer_bottom":"default","ocean_custom_footer_template":"0","footnotes":""},"class_list":["post-963","page","type-page","status-publish","hentry","entry"],"aioseo_notices":[],"yoast_head":"<!-- This site is optimized with the Yoast SEO plugin v21.9.1 - https:\/\/yoast.com\/wordpress\/plugins\/seo\/ -->\n<title>Projets tutor\u00e9s - Bureau d&#039;\u00e9tude ESCADN<\/title>\n<meta name=\"description\" content=\"Projets tutor\u00e9s - Voici quelques projets tutor\u00e9s sur la science, la technologie et l&#039;informatique trait\u00e9s par le Docteur Adnani Hania.\" \/>\n<meta name=\"robots\" content=\"index, follow, max-snippet:-1, max-image-preview:large, max-video-preview:-1\" \/>\n<link rel=\"canonical\" href=\"https:\/\/www.escadn.fr\/?page_id=963\" \/>\n<meta property=\"og:locale\" content=\"fr_FR\" \/>\n<meta property=\"og:type\" content=\"article\" \/>\n<meta property=\"og:title\" content=\"Projets tutor\u00e9s - Bureau d&#039;\u00e9tude ESCADN\" \/>\n<meta property=\"og:description\" content=\"Projets tutor\u00e9s - Voici quelques projets tutor\u00e9s sur la science, la technologie et l&#039;informatique trait\u00e9s par le Docteur Adnani Hania.\" \/>\n<meta property=\"og:url\" content=\"https:\/\/www.escadn.fr\/?page_id=963\" \/>\n<meta property=\"og:site_name\" content=\"Bureau d&#039;\u00e9tude ESCADN\" \/>\n<meta property=\"article:modified_time\" content=\"2025-01-07T12:37:32+00:00\" \/>\n<meta property=\"og:image\" content=\"https:\/\/www.escadn.fr\/wp-content\/uploads\/2023\/01\/cropped-logo-final-1-1.jpg\" \/>\n\t<meta property=\"og:image:width\" content=\"512\" \/>\n\t<meta property=\"og:image:height\" content=\"512\" \/>\n\t<meta property=\"og:image:type\" content=\"image\/jpeg\" \/>\n<meta name=\"twitter:card\" content=\"summary_large_image\" \/>\n<meta name=\"twitter:label1\" content=\"Dur\u00e9e de lecture estim\u00e9e\" \/>\n\t<meta name=\"twitter:data1\" content=\"6 minutes\" \/>\n<script type=\"application\/ld+json\" class=\"yoast-schema-graph\">{\"@context\":\"https:\/\/schema.org\",\"@graph\":[{\"@type\":\"WebPage\",\"@id\":\"https:\/\/www.escadn.fr\/?page_id=963\",\"url\":\"https:\/\/www.escadn.fr\/?page_id=963\",\"name\":\"Projets tutor\u00e9s - Bureau d&#039;\u00e9tude ESCADN\",\"isPartOf\":{\"@id\":\"https:\/\/www.escadn.fr\/#website\"},\"datePublished\":\"2023-03-02T08:33:52+00:00\",\"dateModified\":\"2025-01-07T12:37:32+00:00\",\"description\":\"Projets tutor\u00e9s - Voici quelques projets tutor\u00e9s sur la science, la technologie et l'informatique trait\u00e9s par le Docteur Adnani Hania.\",\"breadcrumb\":{\"@id\":\"https:\/\/www.escadn.fr\/?page_id=963#breadcrumb\"},\"inLanguage\":\"fr-FR\",\"potentialAction\":[{\"@type\":\"ReadAction\",\"target\":[\"https:\/\/www.escadn.fr\/?page_id=963\"]}]},{\"@type\":\"BreadcrumbList\",\"@id\":\"https:\/\/www.escadn.fr\/?page_id=963#breadcrumb\",\"itemListElement\":[{\"@type\":\"ListItem\",\"position\":1,\"name\":\"Accueil\",\"item\":\"https:\/\/www.escadn.fr\/\"},{\"@type\":\"ListItem\",\"position\":2,\"name\":\"Projets tutor\u00e9s\"}]},{\"@type\":\"WebSite\",\"@id\":\"https:\/\/www.escadn.fr\/#website\",\"url\":\"https:\/\/www.escadn.fr\/\",\"name\":\"Bureau d'\u00e9tude ESCADN\",\"description\":\"Confiez-nous votre projet\",\"publisher\":{\"@id\":\"https:\/\/www.escadn.fr\/#organization\"},\"potentialAction\":[{\"@type\":\"SearchAction\",\"target\":{\"@type\":\"EntryPoint\",\"urlTemplate\":\"https:\/\/www.escadn.fr\/?s={search_term_string}\"},\"query-input\":\"required name=search_term_string\"}],\"inLanguage\":\"fr-FR\"},{\"@type\":\"Organization\",\"@id\":\"https:\/\/www.escadn.fr\/#organization\",\"name\":\"Bureau d'\u00e9tude ESCADN\",\"url\":\"https:\/\/www.escadn.fr\/\",\"logo\":{\"@type\":\"ImageObject\",\"inLanguage\":\"fr-FR\",\"@id\":\"https:\/\/www.escadn.fr\/#\/schema\/logo\/image\/\",\"url\":\"https:\/\/www.escadn.fr\/wp-content\/uploads\/2023\/01\/cropped-cropped-logo-final-1-1-1.jpg\",\"contentUrl\":\"https:\/\/www.escadn.fr\/wp-content\/uploads\/2023\/01\/cropped-cropped-logo-final-1-1-1.jpg\",\"width\":512,\"height\":512,\"caption\":\"Bureau d'\u00e9tude ESCADN\"},\"image\":{\"@id\":\"https:\/\/www.escadn.fr\/#\/schema\/logo\/image\/\"},\"sameAs\":[\"https:\/\/www.linkedin.com\/company\/escadn\/\"]}]}<\/script>\n<!-- \/ Yoast SEO plugin. -->","yoast_head_json":{"title":"Projets tutor\u00e9s - Bureau d&#039;\u00e9tude ESCADN","description":"Projets tutor\u00e9s - Voici quelques projets tutor\u00e9s sur la science, la technologie et l'informatique trait\u00e9s par le Docteur Adnani Hania.","robots":{"index":"index","follow":"follow","max-snippet":"max-snippet:-1","max-image-preview":"max-image-preview:large","max-video-preview":"max-video-preview:-1"},"canonical":"https:\/\/www.escadn.fr\/?page_id=963","og_locale":"fr_FR","og_type":"article","og_title":"Projets tutor\u00e9s - Bureau d&#039;\u00e9tude ESCADN","og_description":"Projets tutor\u00e9s - Voici quelques projets tutor\u00e9s sur la science, la technologie et l'informatique trait\u00e9s par le Docteur Adnani Hania.","og_url":"https:\/\/www.escadn.fr\/?page_id=963","og_site_name":"Bureau d&#039;\u00e9tude ESCADN","article_modified_time":"2025-01-07T12:37:32+00:00","og_image":[{"width":512,"height":512,"url":"https:\/\/www.escadn.fr\/wp-content\/uploads\/2023\/01\/cropped-logo-final-1-1.jpg","type":"image\/jpeg"}],"twitter_card":"summary_large_image","twitter_misc":{"Dur\u00e9e de lecture estim\u00e9e":"6 minutes"},"schema":{"@context":"https:\/\/schema.org","@graph":[{"@type":"WebPage","@id":"https:\/\/www.escadn.fr\/?page_id=963","url":"https:\/\/www.escadn.fr\/?page_id=963","name":"Projets tutor\u00e9s - Bureau d&#039;\u00e9tude ESCADN","isPartOf":{"@id":"https:\/\/www.escadn.fr\/#website"},"datePublished":"2023-03-02T08:33:52+00:00","dateModified":"2025-01-07T12:37:32+00:00","description":"Projets tutor\u00e9s - Voici quelques projets tutor\u00e9s sur la science, la technologie et l'informatique trait\u00e9s par le Docteur Adnani Hania.","breadcrumb":{"@id":"https:\/\/www.escadn.fr\/?page_id=963#breadcrumb"},"inLanguage":"fr-FR","potentialAction":[{"@type":"ReadAction","target":["https:\/\/www.escadn.fr\/?page_id=963"]}]},{"@type":"BreadcrumbList","@id":"https:\/\/www.escadn.fr\/?page_id=963#breadcrumb","itemListElement":[{"@type":"ListItem","position":1,"name":"Accueil","item":"https:\/\/www.escadn.fr\/"},{"@type":"ListItem","position":2,"name":"Projets tutor\u00e9s"}]},{"@type":"WebSite","@id":"https:\/\/www.escadn.fr\/#website","url":"https:\/\/www.escadn.fr\/","name":"Bureau d'\u00e9tude ESCADN","description":"Confiez-nous votre projet","publisher":{"@id":"https:\/\/www.escadn.fr\/#organization"},"potentialAction":[{"@type":"SearchAction","target":{"@type":"EntryPoint","urlTemplate":"https:\/\/www.escadn.fr\/?s={search_term_string}"},"query-input":"required name=search_term_string"}],"inLanguage":"fr-FR"},{"@type":"Organization","@id":"https:\/\/www.escadn.fr\/#organization","name":"Bureau d'\u00e9tude ESCADN","url":"https:\/\/www.escadn.fr\/","logo":{"@type":"ImageObject","inLanguage":"fr-FR","@id":"https:\/\/www.escadn.fr\/#\/schema\/logo\/image\/","url":"https:\/\/www.escadn.fr\/wp-content\/uploads\/2023\/01\/cropped-cropped-logo-final-1-1-1.jpg","contentUrl":"https:\/\/www.escadn.fr\/wp-content\/uploads\/2023\/01\/cropped-cropped-logo-final-1-1-1.jpg","width":512,"height":512,"caption":"Bureau d'\u00e9tude ESCADN"},"image":{"@id":"https:\/\/www.escadn.fr\/#\/schema\/logo\/image\/"},"sameAs":["https:\/\/www.linkedin.com\/company\/escadn\/"]}]}},"_links":{"self":[{"href":"https:\/\/www.escadn.fr\/index.php?rest_route=\/wp\/v2\/pages\/963","targetHints":{"allow":["GET"]}}],"collection":[{"href":"https:\/\/www.escadn.fr\/index.php?rest_route=\/wp\/v2\/pages"}],"about":[{"href":"https:\/\/www.escadn.fr\/index.php?rest_route=\/wp\/v2\/types\/page"}],"author":[{"embeddable":true,"href":"https:\/\/www.escadn.fr\/index.php?rest_route=\/wp\/v2\/users\/1"}],"replies":[{"embeddable":true,"href":"https:\/\/www.escadn.fr\/index.php?rest_route=%2Fwp%2Fv2%2Fcomments&post=963"}],"version-history":[{"count":51,"href":"https:\/\/www.escadn.fr\/index.php?rest_route=\/wp\/v2\/pages\/963\/revisions"}],"predecessor-version":[{"id":2008,"href":"https:\/\/www.escadn.fr\/index.php?rest_route=\/wp\/v2\/pages\/963\/revisions\/2008"}],"wp:attachment":[{"href":"https:\/\/www.escadn.fr\/index.php?rest_route=%2Fwp%2Fv2%2Fmedia&parent=963"}],"curies":[{"name":"wp","href":"https:\/\/api.w.org\/{rel}","templated":true}]}}